/7)).
52
Let t(v) = 2*v**2 - 5*v + 18. Calculate the remainder when 97 is divided by t(0).
7
Suppose 35 = c - v, -5*c - 2*v + 3*v = -187. Calculate the remainder when (-3 + 4)*(-2 + c) is divided by 14.
8
Let l = -356 + 367. What is the remainder when 72 is divided by l?
6
Suppose 3*t + 292 = 91. Let z = -55 - t. What is the remainder when 33 is divided by z?
9
Let r(t) = -3*t**2 - 2*t + 4. Let m be r(-4). Let b = m + 62. Let s = -94 - -170. What is the remainder when s is divided by b?
24
Suppose 4*t = -x - t + 168, t = x - 186. Calculate the remainder when x is divided by 19.
12
Suppose 8112 = 98*v - 16976. Calculate the remainder when v is divided by 52.
48
Let h(x) = -2*x + 39. What is the remainder when 221 is divided by h(-3)?
41
Suppose 813 + 144 = 29*d. What is the remainder when 62 is divided by d?
29
Suppose 32 = 7*b - 115. What is the remainder when 82 is divided by b?
19
Let y(f) be the first derivative of 2 + 1/2*f**2 + 8/3*f**3 - f. Calculate the remainder when 22 is divided by y(1).
6
Suppose 0 = 3*o - 446 + 383. Calculate the remainder when o is divided by 6.
3
Let v(f) = -f**2 - 2*f + 16. Let c be v(0). Let b = c - 9. What is the remainder when 18 is divided by b?
4
Let n = 751 - 581. What is the remainder when n is divided by 43?
41
Let m be (-2 - (-5 - -3)) + 3 - 3. What is the remainder when (-2 - (-36)/8)*(14 + m) is divided by 10?
5
Suppose 4*w = 2*s + 6 - 214, 0 = -3*s - 4*w + 262. Suppose 4*c = -c + 2*x + 164, 4*c + x = 126. What is the remainder when s is divided by c?
30
Let p = 243 + -150. Calculate the remainder when p is divided by 61.
32
Let a = -72 + 55. Let p = 11 - a. What is the remainder when p is divided by 10?
8
Let g = 6 + -1. Let s be (-14)/6 + 2 + 2/6. Suppose s*k + 19 = 3*k + 5*y, -3*k + 2*y + 26 = 0. What is the remainder when k is divided by g?
3
Let g = 587 + -537. Calculate the remainder when 499 is divided by g.
49
Let q(b) = 5*b - b - 3 + 4 - 3*b. What is the remainder when 57 is divided by q(11)?
9
Let l = -285 + 386. What is the remainder when l is divided by 29?
14
Let o be (-2)/(-8) + (-23)/(-4). Let l = -6 + o. Let n(j) = -j**2 + 18. Calculate the remainder when n(l) is divided by 10.
8
Let x(a) = 2*a - 12. Let c be x(6). Let q be (1 - -2 - c) + 1. Suppose 2*z - q = 18. What is the remainder when z is divided by 3?
2
Let q(g) = -g**2 - 11*g - 17. Let h(k) = -1. Let p(j) = -6*h(j) - q(j). Calculate the remainder when p(-16) is divided by 21.
19
Let f = 4 + -4. Suppose 9 = -q - 3*o - f*o, 4*q = 5*o + 32. Let s = -17 + 24. What is the remainder when s is divided by q?
1
Let m = 8 + -6. Let x(z) = -4*z - 2. Calculate the remainder when x(-4) is divided by (-7 - -13)*(m - (-8)/(-6)).
2
Suppose 2*c - 2*j = 374, -c - 3*j + 748 = 3*c. Calculate the remainder when c is divided by 48.
43
Suppose -8*n - 4*b - 13 = -9*n, 4*n + 2*b = -2. Calculate the remainder when 83 is divided by 28 - (0 + (0 - n)).
25
Let v(p) = -p**3 - 22*p**2 - 23*p - 29. Calculate the remainder when 76 is divided by v(-21).
11
Let v be 4/(-4*(-6 + 5)). Suppose -85 = -4*y + 3*r, y - 24 + v = -r. What is the remainder when y is divided by 7?
1
Suppose 2*g = 5*h - 276, -g + 4*g = 3*h - 162. Calculate the remainder when h is divided by 30.
26
Let g = 61 + -35. Let m be (7 - 6)/((-2)/16). What is the remainder when g is divided by m/(-2)*-4*(-28)/32?
12
Let k(d) = d**3 - 5*d**2 - 9*d + 10. Let i = 6088 + -6069. Calculate the remainder when k(7) is divided by i.
7
Let x = 3971 + -2439. What is the remainder when x is divided by 59?
57
Suppose 23 - 21 = c. Suppose 0 = c*y - 33 - 169. What is the remainder when y is divided by 26?
23
Suppose -4*i = -4*b - 592, 3*i = -3*b + 181 + 239. What is the remainder when 1292 is divided by i?
140
Suppose 2*o + 3*d - 30 = 0, 56 = -2*o + 5*o - d. What is the remainder when 31 is divided by o?
13
Suppose -232 = -5*b - 37. What is the remainder when 222 is divided by b?
27
Suppose 2944 = 20*o - 996. What is the remainder when o is divided by 49?
1
Let q(r) = -r**3 - 12*r**2 - 16*r - 9. Let o be -11 - -2*(-1)/4*0. What is the remainder when q(o) is divided by 25?
21
Suppose 4*i + 123 - 311 = 0. Let p = -29 + i. Calculate the remainder when p is divided by 5.
3
Let o be 3 + (-4)/(-14) + (-60)/(-84). Suppose -2*z - o*a + 114 = 0, 5*z - 280 = -0*a - 5*a. Let d = 35 + -21. Calculate the remainder when z is divided by d.
13
Let q(p) = -11*p + 6. Let o be q(-5). Let f = o + -56. Calculate the remainder when 6 is divided by f.
1
Let d(q) = 17*q**2 + 6*q + 5. Let f be d(-1). Suppose 17*j = f*j + 18. Calculate the remainder when 107 is divided by j.
17
Suppose 12*x = 8*x - 280. Let q = -33 - x. What is the remainder when q is divided by -26*(2 + 5/(-2))?
11
Let u(h) = 2*h - 3. Let f be u(3). Suppose 5*y + 3 + 74 = 3*d, f*y = -2*d + 26. Let a(p) = 2*p**2 - 12*p - 45. What is the remainder when a(-4) is divided by d?
16
Let q = -298 + 318. What is the remainder when q is divided by 5?
0
Suppose -y + 40 = 4*y. Suppose -4*r + 3*g - g - 84 = 0, 0 = 4*g + y. Let w = r - -35. What is the remainder when 38 is divided by w?
12
Suppose -3*w + 0*w = 5*v - 317, v - 59 = -5*w. Calculate the remainder when v is divided by 26.
12
Suppose -3*s - s - k = -303, 5*s - 3*k - 383 = 0. Calculate the remainder when s is divided by 49.
27
Let q = -148 - -117. Let c = q - -49. Calculate the remainder when c is divided by 14.
4
Suppose 0 = 5*n - 152 - 58. Suppose 4*d = -0*x - 4*x + 48, 3*d - n = -x. Let h(q) = q**2 + 4*q - 1. Calculate the remainder when d is divided by h(-5).
3
Let g(m) = -2*m - 2. Let s be g(2). What is the remainder when (s/48*-4)/(2/444) is divided by 28?
27
What is the remainder when ((-114)/95)/((-3)/125) is divided by 16 + (-2 + 1)*-1?
16
Suppose 7*d - 10*d + 18 = 3*f, 0 = -4*f - 4. Suppose -11 = -3*x + 1. Calculate the remainder when d is divided by x.
3
Let t(i) = -i**2 - 4*i + 5. Let p be t(-7). Let d = p - -37. Suppose -7*a = d - 119. What is the remainder when 26 is divided by a?
12
Let w(f) = -4*f + 1. Suppose 3*x - g - g = -28, x - 5*g + 31 = 0. Let y be w(x). Let r = -19 + y. What is the remainder when 9 is divided by r?
3
Suppose 4*f - 55 = -11. Let l = 13 - f. Calculate the remainder when 8 is divided by l.
0
Suppose 2*k - 44 = 2*w, 2*k - 3*k - 2*w = -37. Let s = 112 - 19. What is the remainder when s is divided by k?
12
Suppose 0 = 7*f - 65 - 40. What is the remainder when 209 is divided by f?
14
What is the remainder when 1574 is divided by (-2)/6 - (-13750)/165?
80
Let q(a) = 2*a**2 - 5*a. Let n be q(4). Let c be n/(-3*6/45). Let v = c + 78. Calculate the remainder when v is divided by 25.
23
Suppose 21 = 5*s - 4*s. Let a be -4 - (-3)/(-3)*2. Calculate the remainder when 71 is divided by s + 9/3 + a.
17
Suppose 4*o - 39 = -z, -3*z + 50 = 5*o - 2*z. Let l(f) = -2*f + 4. Let r be l(2). Suppose 7*j + r*j = 28. What is the remainder when o is divided by j?
3
Suppose 5*z + 2*i = -3*i + 10, 5*z - 2*i + 25 = 0. What is the remainder when 11 is divided by (z + 26/6)*3?
3
Let j(d) = -20*d + 16. Let c(x) = 11*x + 1 + 3 - 12*x - 3. Let l(r) = -12*c(r) + j(r). What is the remainder when l(-4) is divided by 13?
10
Let m be (-32)/(-6)*9/6. Let b = 15 - 12. Suppose b*h = -h + m. What is the remainder when 6 is divided by h?
0
Let b = -20 + 53. Suppose 3*v + 4*c - b = 0, v + 2*c - 11 = -0*c. Calculate the remainder when 40 is divided by v.
7
Suppose 0 = -3*t + 137 - 47. Suppose -2*p = -6*p + 3*i + 347, -5*i = p - 104. What is the remainder when p is divided by t?
29
Suppose -2*p = -5*p - 5*j - 4, 0 = 3*j + 6. Suppose 5*l = -p + 12. What is the remainder when 6 is divided by l?
0
Suppose -2*o + 1 = 27. Let f = o + 18. Suppose 2*d - f*r = 28, -6*r = 3*d - r - 17. What is the remainder when 53 is divided by d?
8
Let h = 925 - 816. Calculate the remainder when h is divided by 31.
16
Suppose -2*p + 125 + 47 = 0. Let v = 106 - p. Calculate the remainder when 36 is divided by v.
16
What is the remainder when 138 is divided by (15/6)/((-8)/(-112))?
33
Suppose 0 = -2*n + 24 + 5 + 15. Let m = 183 + -10. Calculate the remainder when m is divided by n.
19
Suppose -5*q + 317 + 6 = -2*k, -4*k = -q + 79. Suppose 5*b - s - 166 = 0, 4*b - s - 136 = 3*s. What is the remainder when q is divided by b?
30
Let v be (-2)/((-6)/21) + -11